{"id":6825,"date":"2024-12-09T19:42:50","date_gmt":"2024-12-09T19:42:50","guid":{"rendered":"https:\/\/retrofonizmir.com\/?page_id=6825"},"modified":"2024-12-11T17:31:16","modified_gmt":"2024-12-11T17:31:16","slug":"ilham-kosesi","status":"publish","type":"page","link":"https:\/\/retrofonizmir.com\/?page_id=6825","title":{"rendered":"\u0130lham K\u00f6\u015fesi"},"content":{"rendered":"\t\t<div data-elementor-type=\"wp-page\" data-elementor-id=\"6825\" class=\"elementor elementor-6825\">\n\t\t\t\t<div class=\"elementor-element elementor-element-3667088 e-grid e-con-boxed e-con e-parent\" data-id=\"3667088\" data-element_type=\"container\">\n\t\t\t\t\t<div class=\"e-con-inner\">\n\t\t\t\t<div class=\"elementor-element elementor-element-2c9cb06 elementor-widget elementor-widget-image\" data-id=\"2c9cb06\" data-element_type=\"widget\" data-widget_type=\"image.default\">\n\t\t\t\t<div class=\"elementor-widget-container\">\n\t\t\t\t\t\t\t\t\t\t\t\t\t<img decoding=\"async\" src=\"https:\/\/ucarecdn.com\/ac5a7e3a-3e40-4a21-a16c-ecb81f3b017a\/-\/preview\/1000x992\/\" title=\"\" alt=\"\" loading=\"lazy\" \/>\t\t\t\t\t\t\t\t\t\t\t\t\t<\/div>\n\t\t\t\t<\/div>\n\t\t\t\t<div class=\"elementor-element elementor-element-fdfeee3 elementor-widget elementor-widget-image\" data-id=\"fdfeee3\" data-element_type=\"widget\" data-widget_type=\"image.default\">\n\t\t\t\t<div class=\"elementor-widget-container\">\n\t\t\t\t\t\t\t\t\t\t\t\t\t<img fetchpriority=\"high\" decoding=\"async\" width=\"950\" height=\"950\" src=\"https:\/\/retrofonizmir.com\/wp-content\/uploads\/2024\/12\/Snapinsta.app_436815754_17878308783053163_4802462279948671827_n_1080-1024x1024.png\" class=\"attachment-large size-large wp-image-6740\" alt=\"\" srcset=\"https:\/\/retrofonizmir.com\/wp-content\/uploads\/2024\/12\/Snapinsta.app_436815754_17878308783053163_4802462279948671827_n_1080-1024x1024.png 1024w, https:\/\/retrofonizmir.com\/wp-content\/uploads\/2024\/12\/Snapinsta.app_436815754_17878308783053163_4802462279948671827_n_1080-300x300.png 300w, https:\/\/retrofonizmir.com\/wp-content\/uploads\/2024\/12\/Snapinsta.app_436815754_17878308783053163_4802462279948671827_n_1080-150x150.png 150w, https:\/\/retrofonizmir.com\/wp-content\/uploads\/2024\/12\/Snapinsta.app_436815754_17878308783053163_4802462279948671827_n_1080-600x600.png 600w, https:\/\/retrofonizmir.com\/wp-content\/uploads\/2024\/12\/Snapinsta.app_436815754_17878308783053163_4802462279948671827_n_1080-800x800.png 800w, https:\/\/retrofonizmir.com\/wp-content\/uploads\/2024\/12\/Snapinsta.app_436815754_17878308783053163_4802462279948671827_n_1080.png 1080w\" sizes=\"100vw\" \/>\t\t\t\t\t\t\t\t\t\t\t\t\t<\/div>\n\t\t\t\t<\/div>\n\t\t\t\t<div class=\"elementor-element elementor-element-6165ca8 elementor-widget elementor-widget-image\" data-id=\"6165ca8\" data-element_type=\"widget\" data-widget_type=\"image.default\">\n\t\t\t\t<div class=\"elementor-widget-container\">\n\t\t\t\t\t\t\t\t\t\t\t\t\t<img decoding=\"async\" width=\"950\" height=\"950\" src=\"https:\/\/retrofonizmir.com\/wp-content\/uploads\/2024\/12\/Snapinsta.app_434370307_17877003663053163_4331502856171474980_n_1080-1024x1024.png\" class=\"attachment-large size-large wp-image-6739\" alt=\"\" srcset=\"https:\/\/retrofonizmir.com\/wp-content\/uploads\/2024\/12\/Snapinsta.app_434370307_17877003663053163_4331502856171474980_n_1080-1024x1024.png 1024w, https:\/\/retrofonizmir.com\/wp-content\/uploads\/2024\/12\/Snapinsta.app_434370307_17877003663053163_4331502856171474980_n_1080-300x300.png 300w, https:\/\/retrofonizmir.com\/wp-content\/uploads\/2024\/12\/Snapinsta.app_434370307_17877003663053163_4331502856171474980_n_1080-150x150.png 150w, https:\/\/retrofonizmir.com\/wp-content\/uploads\/2024\/12\/Snapinsta.app_434370307_17877003663053163_4331502856171474980_n_1080-600x600.png 600w, https:\/\/retrofonizmir.com\/wp-content\/uploads\/2024\/12\/Snapinsta.app_434370307_17877003663053163_4331502856171474980_n_1080-800x800.png 800w, https:\/\/retrofonizmir.com\/wp-content\/uploads\/2024\/12\/Snapinsta.app_434370307_17877003663053163_4331502856171474980_n_1080.png 1080w\" sizes=\"100vw\" \/>\t\t\t\t\t\t\t\t\t\t\t\t\t<\/div>\n\t\t\t\t<\/div>\n\t\t\t\t\t<\/div>\n\t\t\t\t<\/div>\n\t\t<div class=\"elementor-element elementor-element-415359a e-grid e-con-boxed e-con e-parent\" data-id=\"415359a\" data-element_type=\"container\">\n\t\t\t\t\t<div class=\"e-con-inner\">\n\t\t\t\t<div class=\"elementor-element elementor-element-1cc0525 elementor-widget elementor-widget-image\" data-id=\"1cc0525\" data-element_type=\"widget\" data-widget_type=\"image.default\">\n\t\t\t\t<div class=\"elementor-widget-container\">\n\t\t\t\t\t\t\t\t\t\t\t\t\t<img decoding=\"async\" width=\"950\" height=\"950\" src=\"https:\/\/retrofonizmir.com\/wp-content\/uploads\/2024\/12\/Snapinsta.app_431156468_17875010712053163_7640557410596253585_n_1080-1024x1024.png\" class=\"attachment-large size-large wp-image-6738\" alt=\"\" srcset=\"https:\/\/retrofonizmir.com\/wp-content\/uploads\/2024\/12\/Snapinsta.app_431156468_17875010712053163_7640557410596253585_n_1080-1024x1024.png 1024w, https:\/\/retrofonizmir.com\/wp-content\/uploads\/2024\/12\/Snapinsta.app_431156468_17875010712053163_7640557410596253585_n_1080-300x300.png 300w, https:\/\/retrofonizmir.com\/wp-content\/uploads\/2024\/12\/Snapinsta.app_431156468_17875010712053163_7640557410596253585_n_1080-150x150.png 150w, https:\/\/retrofonizmir.com\/wp-content\/uploads\/2024\/12\/Snapinsta.app_431156468_17875010712053163_7640557410596253585_n_1080-600x600.png 600w, https:\/\/retrofonizmir.com\/wp-content\/uploads\/2024\/12\/Snapinsta.app_431156468_17875010712053163_7640557410596253585_n_1080-800x800.png 800w, https:\/\/retrofonizmir.com\/wp-content\/uploads\/2024\/12\/Snapinsta.app_431156468_17875010712053163_7640557410596253585_n_1080.png 1080w\" sizes=\"100vw\" \/>\t\t\t\t\t\t\t\t\t\t\t\t\t<\/div>\n\t\t\t\t<\/div>\n\t\t\t\t<div class=\"elementor-element elementor-element-9e1fbd8 elementor-widget elementor-widget-image\" data-id=\"9e1fbd8\" data-element_type=\"widget\" data-widget_type=\"image.default\">\n\t\t\t\t<div class=\"elementor-widget-container\">\n\t\t\t\t\t\t\t\t\t\t\t\t\t<img loading=\"lazy\" decoding=\"async\" width=\"950\" height=\"950\" src=\"https:\/\/retrofonizmir.com\/wp-content\/uploads\/2024\/12\/Snapinsta.app_429789681_17873851980053163_7117017336709050394_n_1080-1024x1024.png\" class=\"attachment-large size-large wp-image-6737\" alt=\"\" srcset=\"https:\/\/retrofonizmir.com\/wp-content\/uploads\/2024\/12\/Snapinsta.app_429789681_17873851980053163_7117017336709050394_n_1080-1024x1024.png 1024w, https:\/\/retrofonizmir.com\/wp-content\/uploads\/2024\/12\/Snapinsta.app_429789681_17873851980053163_7117017336709050394_n_1080-300x300.png 300w, https:\/\/retrofonizmir.com\/wp-content\/uploads\/2024\/12\/Snapinsta.app_429789681_17873851980053163_7117017336709050394_n_1080-150x150.png 150w, https:\/\/retrofonizmir.com\/wp-content\/uploads\/2024\/12\/Snapinsta.app_429789681_17873851980053163_7117017336709050394_n_1080-600x600.png 600w, https:\/\/retrofonizmir.com\/wp-content\/uploads\/2024\/12\/Snapinsta.app_429789681_17873851980053163_7117017336709050394_n_1080-800x800.png 800w, https:\/\/retrofonizmir.com\/wp-content\/uploads\/2024\/12\/Snapinsta.app_429789681_17873851980053163_7117017336709050394_n_1080.png 1077w\" sizes=\"100vw\" \/>\t\t\t\t\t\t\t\t\t\t\t\t\t<\/div>\n\t\t\t\t<\/div>\n\t\t\t\t<div class=\"elementor-element elementor-element-d61b14a elementor-widget elementor-widget-image\" data-id=\"d61b14a\" data-element_type=\"widget\" data-widget_type=\"image.default\">\n\t\t\t\t<div class=\"elementor-widget-container\">\n\t\t\t\t\t\t\t\t\t\t\t\t\t<img loading=\"lazy\" decoding=\"async\" width=\"950\" height=\"950\" src=\"https:\/\/retrofonizmir.com\/wp-content\/uploads\/2024\/12\/Snapinsta.app_409085523_17872658703053163_3587272085718852875_n_1080-1024x1024.png\" class=\"attachment-large size-large wp-image-6736\" alt=\"\" srcset=\"https:\/\/retrofonizmir.com\/wp-content\/uploads\/2024\/12\/Snapinsta.app_409085523_17872658703053163_3587272085718852875_n_1080-1024x1024.png 1024w, https:\/\/retrofonizmir.com\/wp-content\/uploads\/2024\/12\/Snapinsta.app_409085523_17872658703053163_3587272085718852875_n_1080-300x300.png 300w, https:\/\/retrofonizmir.com\/wp-content\/uploads\/2024\/12\/Snapinsta.app_409085523_17872658703053163_3587272085718852875_n_1080-150x150.png 150w, https:\/\/retrofonizmir.com\/wp-content\/uploads\/2024\/12\/Snapinsta.app_409085523_17872658703053163_3587272085718852875_n_1080-600x600.png 600w, https:\/\/retrofonizmir.com\/wp-content\/uploads\/2024\/12\/Snapinsta.app_409085523_17872658703053163_3587272085718852875_n_1080-800x800.png 800w, https:\/\/retrofonizmir.com\/wp-content\/uploads\/2024\/12\/Snapinsta.app_409085523_17872658703053163_3587272085718852875_n_1080.png 1080w\" sizes=\"100vw\" \/>\t\t\t\t\t\t\t\t\t\t\t\t\t<\/div>\n\t\t\t\t<\/div>\n\t\t\t\t\t<\/div>\n\t\t\t\t<\/div>\n\t\t<div class=\"elementor-element elementor-element-3f4e021 e-grid e-con-boxed e-con e-parent\" data-id=\"3f4e021\" data-element_type=\"container\">\n\t\t\t\t\t<div class=\"e-con-inner\">\n\t\t\t\t<div class=\"elementor-element elementor-element-cce39c2 elementor-widget elementor-widget-image\" data-id=\"cce39c2\" data-element_type=\"widget\" data-widget_type=\"image.default\">\n\t\t\t\t<div class=\"elementor-widget-container\">\n\t\t\t\t\t\t\t\t\t\t\t\t\t<img loading=\"lazy\" decoding=\"async\" width=\"950\" height=\"950\" src=\"https:\/\/retrofonizmir.com\/wp-content\/uploads\/2024\/12\/Snapinsta.app_403300766_309550858691330_5220356657566953343_n_1080-1024x1024.png\" class=\"attachment-large size-large wp-image-6735\" alt=\"\" srcset=\"https:\/\/retrofonizmir.com\/wp-content\/uploads\/2024\/12\/Snapinsta.app_403300766_309550858691330_5220356657566953343_n_1080-1024x1024.png 1024w, https:\/\/retrofonizmir.com\/wp-content\/uploads\/2024\/12\/Snapinsta.app_403300766_309550858691330_5220356657566953343_n_1080-300x300.png 300w, https:\/\/retrofonizmir.com\/wp-content\/uploads\/2024\/12\/Snapinsta.app_403300766_309550858691330_5220356657566953343_n_1080-150x150.png 150w, https:\/\/retrofonizmir.com\/wp-content\/uploads\/2024\/12\/Snapinsta.app_403300766_309550858691330_5220356657566953343_n_1080-600x600.png 600w, https:\/\/retrofonizmir.com\/wp-content\/uploads\/2024\/12\/Snapinsta.app_403300766_309550858691330_5220356657566953343_n_1080-800x800.png 800w, https:\/\/retrofonizmir.com\/wp-content\/uploads\/2024\/12\/Snapinsta.app_403300766_309550858691330_5220356657566953343_n_1080.png 1080w\" sizes=\"100vw\" \/>\t\t\t\t\t\t\t\t\t\t\t\t\t<\/div>\n\t\t\t\t<\/div>\n\t\t\t\t<div class=\"elementor-element elementor-element-d3479c4 elementor-widget elementor-widget-image\" data-id=\"d3479c4\" data-element_type=\"widget\" data-widget_type=\"image.default\">\n\t\t\t\t<div class=\"elementor-widget-container\">\n\t\t\t\t\t\t\t\t\t\t\t\t\t<img loading=\"lazy\" decoding=\"async\" width=\"950\" height=\"950\" src=\"https:\/\/retrofonizmir.com\/wp-content\/uploads\/2024\/12\/Snapinsta.app_386906232_812936270621181_3066228437734295640_n_1080-1024x1024.png\" class=\"attachment-large size-large wp-image-6734\" alt=\"\" srcset=\"https:\/\/retrofonizmir.com\/wp-content\/uploads\/2024\/12\/Snapinsta.app_386906232_812936270621181_3066228437734295640_n_1080-1024x1024.png 1024w, https:\/\/retrofonizmir.com\/wp-content\/uploads\/2024\/12\/Snapinsta.app_386906232_812936270621181_3066228437734295640_n_1080-300x300.png 300w, https:\/\/retrofonizmir.com\/wp-content\/uploads\/2024\/12\/Snapinsta.app_386906232_812936270621181_3066228437734295640_n_1080-150x150.png 150w, https:\/\/retrofonizmir.com\/wp-content\/uploads\/2024\/12\/Snapinsta.app_386906232_812936270621181_3066228437734295640_n_1080-600x600.png 600w, https:\/\/retrofonizmir.com\/wp-content\/uploads\/2024\/12\/Snapinsta.app_386906232_812936270621181_3066228437734295640_n_1080-800x800.png 800w, https:\/\/retrofonizmir.com\/wp-content\/uploads\/2024\/12\/Snapinsta.app_386906232_812936270621181_3066228437734295640_n_1080.png 1080w\" sizes=\"100vw\" \/>\t\t\t\t\t\t\t\t\t\t\t\t\t<\/div>\n\t\t\t\t<\/div>\n\t\t\t\t<div class=\"elementor-element elementor-element-06b332e elementor-widget elementor-widget-image\" data-id=\"06b332e\" data-element_type=\"widget\" data-widget_type=\"image.default\">\n\t\t\t\t<div class=\"elementor-widget-container\">\n\t\t\t\t\t\t\t\t\t\t\t\t\t<img loading=\"lazy\" decoding=\"async\" width=\"950\" height=\"950\" src=\"https:\/\/retrofonizmir.com\/wp-content\/uploads\/2024\/12\/Snapinsta.app_385908942_999742221349039_9197743849451086687_n_1080-1024x1024.png\" class=\"attachment-large size-large wp-image-6733\" alt=\"\" srcset=\"https:\/\/retrofonizmir.com\/wp-content\/uploads\/2024\/12\/Snapinsta.app_385908942_999742221349039_9197743849451086687_n_1080-1024x1024.png 1024w, https:\/\/retrofonizmir.com\/wp-content\/uploads\/2024\/12\/Snapinsta.app_385908942_999742221349039_9197743849451086687_n_1080-300x300.png 300w, https:\/\/retrofonizmir.com\/wp-content\/uploads\/2024\/12\/Snapinsta.app_385908942_999742221349039_9197743849451086687_n_1080-150x150.png 150w, https:\/\/retrofonizmir.com\/wp-content\/uploads\/2024\/12\/Snapinsta.app_385908942_999742221349039_9197743849451086687_n_1080-600x600.png 600w, https:\/\/retrofonizmir.com\/wp-content\/uploads\/2024\/12\/Snapinsta.app_385908942_999742221349039_9197743849451086687_n_1080-800x800.png 800w, https:\/\/retrofonizmir.com\/wp-content\/uploads\/2024\/12\/Snapinsta.app_385908942_999742221349039_9197743849451086687_n_1080.png 1080w\" sizes=\"100vw\" \/>\t\t\t\t\t\t\t\t\t\t\t\t\t<\/div>\n\t\t\t\t<\/div>\n\t\t\t\t\t<\/div>\n\t\t\t\t<\/div>\n\t\t\t\t<\/div>\n\t\t","protected":false},"excerpt":{"rendered":"","protected":false},"author":1,"featured_media":0,"parent":0,"menu_order":0,"comment_status":"closed","ping_status":"closed","template":"","meta":{"_monsterinsights_skip_tracking":false,"_monsterinsights_sitenote_active":false,"_monsterinsights_sitenote_note":"","_monsterinsights_sitenote_category":0,"footnotes":""},"class_list":["post-6825","page","type-page","status-publish","hentry"],"yoast_head":"<!-- This site is optimized with the Yoast SEO plugin v23.8 - https:\/\/yoast.com\/wordpress\/plugins\/seo\/ -->\n<title>\u0130lham K\u00f6\u015fesi - retrofonizmir<\/title>\n<meta name=\"robots\" content=\"index, follow, max-snippet:-1, max-image-preview:large, max-video-preview:-1\" \/>\n<link rel=\"canonical\" href=\"https:\/\/retrofonizmir.com\/?page_id=6825\" \/>\n<meta property=\"og:locale\" content=\"en_US\" \/>\n<meta property=\"og:type\" content=\"article\" \/>\n<meta property=\"og:title\" content=\"\u0130lham K\u00f6\u015fesi - retrofonizmir\" \/>\n<meta property=\"og:url\" content=\"https:\/\/retrofonizmir.com\/?page_id=6825\" \/>\n<meta property=\"og:site_name\" content=\"retrofonizmir\" \/>\n<meta property=\"article:modified_time\" content=\"2024-12-11T17:31:16+00:00\" \/>\n<meta property=\"og:image\" content=\"https:\/\/ucarecdn.com\/ac5a7e3a-3e40-4a21-a16c-ecb81f3b017a\/-\/preview\/1000x992\/\" \/>\n<meta name=\"twitter:card\" content=\"summary_large_image\" \/>\n<meta name=\"twitter:label1\" content=\"Est. reading time\" \/>\n\t<meta name=\"twitter:data1\" content=\"2 minutes\" \/>\n<script type=\"application\/ld+json\" class=\"yoast-schema-graph\">{\"@context\":\"https:\/\/schema.org\",\"@graph\":[{\"@type\":\"WebPage\",\"@id\":\"https:\/\/retrofonizmir.com\/?page_id=6825\",\"url\":\"https:\/\/retrofonizmir.com\/?page_id=6825\",\"name\":\"\u0130lham K\u00f6\u015fesi - retrofonizmir\",\"isPartOf\":{\"@id\":\"http:\/\/retrofonizmir.com\/#website\"},\"primaryImageOfPage\":{\"@id\":\"https:\/\/retrofonizmir.com\/?page_id=6825#primaryimage\"},\"image\":{\"@id\":\"https:\/\/retrofonizmir.com\/?page_id=6825#primaryimage\"},\"thumbnailUrl\":\"https:\/\/ucarecdn.com\/ac5a7e3a-3e40-4a21-a16c-ecb81f3b017a\/-\/preview\/1000x992\/\",\"datePublished\":\"2024-12-09T19:42:50+00:00\",\"dateModified\":\"2024-12-11T17:31:16+00:00\",\"breadcrumb\":{\"@id\":\"https:\/\/retrofonizmir.com\/?page_id=6825#breadcrumb\"},\"inLanguage\":\"en-US\",\"potentialAction\":[{\"@type\":\"ReadAction\",\"target\":[\"https:\/\/retrofonizmir.com\/?page_id=6825\"]}]},{\"@type\":\"ImageObject\",\"inLanguage\":\"en-US\",\"@id\":\"https:\/\/retrofonizmir.com\/?page_id=6825#primaryimage\",\"url\":\"https:\/\/ucarecdn.com\/ac5a7e3a-3e40-4a21-a16c-ecb81f3b017a\/-\/preview\/1000x992\/\",\"contentUrl\":\"https:\/\/ucarecdn.com\/ac5a7e3a-3e40-4a21-a16c-ecb81f3b017a\/-\/preview\/1000x992\/\"},{\"@type\":\"BreadcrumbList\",\"@id\":\"https:\/\/retrofonizmir.com\/?page_id=6825#breadcrumb\",\"itemListElement\":[{\"@type\":\"ListItem\",\"position\":1,\"name\":\"Home\",\"item\":\"https:\/\/retrofonizmir.com\/\"},{\"@type\":\"ListItem\",\"position\":2,\"name\":\"\u0130lham K\u00f6\u015fesi\"}]},{\"@type\":\"WebSite\",\"@id\":\"http:\/\/retrofonizmir.com\/#website\",\"url\":\"http:\/\/retrofonizmir.com\/\",\"name\":\"retrofonizmir\",\"description\":\"\",\"publisher\":{\"@id\":\"http:\/\/retrofonizmir.com\/#organization\"},\"potentialAction\":[{\"@type\":\"SearchAction\",\"target\":{\"@type\":\"EntryPoint\",\"urlTemplate\":\"http:\/\/retrofonizmir.com\/?s={search_term_string}\"},\"query-input\":{\"@type\":\"PropertyValueSpecification\",\"valueRequired\":true,\"valueName\":\"search_term_string\"}}],\"inLanguage\":\"en-US\"},{\"@type\":\"Organization\",\"@id\":\"http:\/\/retrofonizmir.com\/#organization\",\"name\":\"retrofonizmir\",\"url\":\"http:\/\/retrofonizmir.com\/\",\"logo\":{\"@type\":\"ImageObject\",\"inLanguage\":\"en-US\",\"@id\":\"http:\/\/retrofonizmir.com\/#\/schema\/logo\/image\/\",\"url\":\"https:\/\/retrofonizmir.com\/wp-content\/uploads\/2025\/06\/cropped-490260998_2177778359309262_4289477537150276295_n-Duzenlendi.png\",\"contentUrl\":\"https:\/\/retrofonizmir.com\/wp-content\/uploads\/2025\/06\/cropped-490260998_2177778359309262_4289477537150276295_n-Duzenlendi.png\",\"width\":746,\"height\":745,\"caption\":\"retrofonizmir\"},\"image\":{\"@id\":\"http:\/\/retrofonizmir.com\/#\/schema\/logo\/image\/\"}}]}<\/script>\n<!-- \/ Yoast SEO plugin. -->","yoast_head_json":{"title":"\u0130lham K\u00f6\u015fesi - retrofonizmir","robots":{"index":"index","follow":"follow","max-snippet":"max-snippet:-1","max-image-preview":"max-image-preview:large","max-video-preview":"max-video-preview:-1"},"canonical":"https:\/\/retrofonizmir.com\/?page_id=6825","og_locale":"en_US","og_type":"article","og_title":"\u0130lham K\u00f6\u015fesi - retrofonizmir","og_url":"https:\/\/retrofonizmir.com\/?page_id=6825","og_site_name":"retrofonizmir","article_modified_time":"2024-12-11T17:31:16+00:00","og_image":[{"url":"https:\/\/ucarecdn.com\/ac5a7e3a-3e40-4a21-a16c-ecb81f3b017a\/-\/preview\/1000x992\/"}],"twitter_card":"summary_large_image","twitter_misc":{"Est. reading time":"2 minutes"},"schema":{"@context":"https:\/\/schema.org","@graph":[{"@type":"WebPage","@id":"https:\/\/retrofonizmir.com\/?page_id=6825","url":"https:\/\/retrofonizmir.com\/?page_id=6825","name":"\u0130lham K\u00f6\u015fesi - retrofonizmir","isPartOf":{"@id":"http:\/\/retrofonizmir.com\/#website"},"primaryImageOfPage":{"@id":"https:\/\/retrofonizmir.com\/?page_id=6825#primaryimage"},"image":{"@id":"https:\/\/retrofonizmir.com\/?page_id=6825#primaryimage"},"thumbnailUrl":"https:\/\/ucarecdn.com\/ac5a7e3a-3e40-4a21-a16c-ecb81f3b017a\/-\/preview\/1000x992\/","datePublished":"2024-12-09T19:42:50+00:00","dateModified":"2024-12-11T17:31:16+00:00","breadcrumb":{"@id":"https:\/\/retrofonizmir.com\/?page_id=6825#breadcrumb"},"inLanguage":"en-US","potentialAction":[{"@type":"ReadAction","target":["https:\/\/retrofonizmir.com\/?page_id=6825"]}]},{"@type":"ImageObject","inLanguage":"en-US","@id":"https:\/\/retrofonizmir.com\/?page_id=6825#primaryimage","url":"https:\/\/ucarecdn.com\/ac5a7e3a-3e40-4a21-a16c-ecb81f3b017a\/-\/preview\/1000x992\/","contentUrl":"https:\/\/ucarecdn.com\/ac5a7e3a-3e40-4a21-a16c-ecb81f3b017a\/-\/preview\/1000x992\/"},{"@type":"BreadcrumbList","@id":"https:\/\/retrofonizmir.com\/?page_id=6825#breadcrumb","itemListElement":[{"@type":"ListItem","position":1,"name":"Home","item":"https:\/\/retrofonizmir.com\/"},{"@type":"ListItem","position":2,"name":"\u0130lham K\u00f6\u015fesi"}]},{"@type":"WebSite","@id":"http:\/\/retrofonizmir.com\/#website","url":"http:\/\/retrofonizmir.com\/","name":"retrofonizmir","description":"","publisher":{"@id":"http:\/\/retrofonizmir.com\/#organization"},"potentialAction":[{"@type":"SearchAction","target":{"@type":"EntryPoint","urlTemplate":"http:\/\/retrofonizmir.com\/?s={search_term_string}"},"query-input":{"@type":"PropertyValueSpecification","valueRequired":true,"valueName":"search_term_string"}}],"inLanguage":"en-US"},{"@type":"Organization","@id":"http:\/\/retrofonizmir.com\/#organization","name":"retrofonizmir","url":"http:\/\/retrofonizmir.com\/","logo":{"@type":"ImageObject","inLanguage":"en-US","@id":"http:\/\/retrofonizmir.com\/#\/schema\/logo\/image\/","url":"https:\/\/retrofonizmir.com\/wp-content\/uploads\/2025\/06\/cropped-490260998_2177778359309262_4289477537150276295_n-Duzenlendi.png","contentUrl":"https:\/\/retrofonizmir.com\/wp-content\/uploads\/2025\/06\/cropped-490260998_2177778359309262_4289477537150276295_n-Duzenlendi.png","width":746,"height":745,"caption":"retrofonizmir"},"image":{"@id":"http:\/\/retrofonizmir.com\/#\/schema\/logo\/image\/"}}]}},"featured_media_urls":[],"_links":{"self":[{"href":"https:\/\/retrofonizmir.com\/index.php?rest_route=\/wp\/v2\/pages\/6825","targetHints":{"allow":["GET"]}}],"collection":[{"href":"https:\/\/retrofonizmir.com\/index.php?rest_route=\/wp\/v2\/pages"}],"about":[{"href":"https:\/\/retrofonizmir.com\/index.php?rest_route=\/wp\/v2\/types\/page"}],"author":[{"embeddable":true,"href":"https:\/\/retrofonizmir.com\/index.php?rest_route=\/wp\/v2\/users\/1"}],"replies":[{"embeddable":true,"href":"https:\/\/retrofonizmir.com\/index.php?rest_route=%2Fwp%2Fv2%2Fcomments&post=6825"}],"version-history":[{"count":5,"href":"https:\/\/retrofonizmir.com\/index.php?rest_route=\/wp\/v2\/pages\/6825\/revisions"}],"predecessor-version":[{"id":6940,"href":"https:\/\/retrofonizmir.com\/index.php?rest_route=\/wp\/v2\/pages\/6825\/revisions\/6940"}],"wp:attachment":[{"href":"https:\/\/retrofonizmir.com\/index.php?rest_route=%2Fwp%2Fv2%2Fmedia&parent=6825"}],"curies":[{"name":"wp","href":"https:\/\/api.w.org\/{rel}","templated":true}]}}